[INFO] fetching crate ncnn-sys 0.1.2...
[INFO] checking ncnn-sys-0.1.2 against master#af3c6e733a40e671550e0f0f5aeecaa13772ba56 for pr-74989
[INFO] extracting crate ncnn-sys 0.1.2 into /workspace/builds/worker-2/source
[INFO] validating manifest of crates.io crate ncnn-sys 0.1.2 on toolchain af3c6e733a40e671550e0f0f5aeecaa13772ba56
[INFO] running `Command { std: "/workspace/cargo-home/bin/cargo" "+af3c6e733a40e671550e0f0f5aeecaa13772ba56" "read-manifest" "--manifest-path" "Cargo.toml", kill_on_drop: false }`
[INFO] started tweaking crates.io crate ncnn-sys 0.1.2
[INFO] finished tweaking crates.io crate ncnn-sys 0.1.2
[INFO] tweaked toml for crates.io crate ncnn-sys 0.1.2 written to /workspace/builds/worker-2/source/Cargo.toml
[INFO] running `Command { std: "/workspace/cargo-home/bin/cargo" "+af3c6e733a40e671550e0f0f5aeecaa13772ba56" "generate-lockfile" "--manifest-path" "Cargo.toml" "-Zno-index-update", kill_on_drop: false }`
[INFO] running `Command { std: "/workspace/cargo-home/bin/cargo" "+af3c6e733a40e671550e0f0f5aeecaa13772ba56" "fetch" "--locked" "--manifest-path" "Cargo.toml", kill_on_drop: false }`
[INFO] running `Command { std: "docker" "create" "-v" "/var/lib/crater-agent-workspace/builds/worker-2/target:/opt/rustwide/target:rw,Z" "-v" "/var/lib/crater-agent-workspace/builds/worker-2/source:/opt/rustwide/workdir:ro,Z" "-v" "/var/lib/crater-agent-workspace/cargo-home:/opt/rustwide/cargo-home:ro,Z" "-v" "/var/lib/crater-agent-workspace/rustup-home:/opt/rustwide/rustup-home:ro,Z" "-e" "SOURCE_DIR=/opt/rustwide/workdir" "-e" "CARGO_TARGET_DIR=/opt/rustwide/target" "-e" "CARGO_HOME=/opt/rustwide/cargo-home" "-e" "RUSTUP_HOME=/opt/rustwide/rustup-home" "-w" "/opt/rustwide/workdir" "-m" "1610612736" "--user" "0:0" "--network" "none" "rustops/crates-build-env@sha256:d92eaeed33fa75130ca1ee6c8a01d1ffb62bac859dfdfb3450e3e5d1c0146529" "/opt/rustwide/cargo-home/bin/cargo" "+af3c6e733a40e671550e0f0f5aeecaa13772ba56" "metadata" "--no-deps" "--format-version=1", kill_on_drop: false }`
[INFO] [stdout] 55f6ec32fcf4b3726c0e86f5c5956650870c3c03e37968d2070d5a6d926832a5
[INFO] [stderr] WARNING: Your kernel does not support swap limit capabilities or the cgroup is not mounted. Memory limited without swap.
[INFO] running `Command { std: "docker" "start" "-a" "55f6ec32fcf4b3726c0e86f5c5956650870c3c03e37968d2070d5a6d926832a5", kill_on_drop: false }`
[INFO] running `Command { std: "docker" "inspect" "55f6ec32fcf4b3726c0e86f5c5956650870c3c03e37968d2070d5a6d926832a5", kill_on_drop: false }`
[INFO] running `Command { std: "docker" "rm" "-f" "55f6ec32fcf4b3726c0e86f5c5956650870c3c03e37968d2070d5a6d926832a5", kill_on_drop: false }`
[INFO] [stdout] 55f6ec32fcf4b3726c0e86f5c5956650870c3c03e37968d2070d5a6d926832a5
[INFO] running `Command { std: "docker" "create" "-v" "/var/lib/crater-agent-workspace/builds/worker-2/target:/opt/rustwide/target:rw,Z" "-v" "/var/lib/crater-agent-workspace/builds/worker-2/source:/opt/rustwide/workdir:ro,Z" "-v" "/var/lib/crater-agent-workspace/cargo-home:/opt/rustwide/cargo-home:ro,Z" "-v" "/var/lib/crater-agent-workspace/rustup-home:/opt/rustwide/rustup-home:ro,Z" "-e" "SOURCE_DIR=/opt/rustwide/workdir" "-e" "CARGO_TARGET_DIR=/opt/rustwide/target" "-e" "CARGO_INCREMENTAL=0" "-e" "RUST_BACKTRACE=full" "-e" "RUSTFLAGS=--cap-lints=forbid" "-e" "CARGO_HOME=/opt/rustwide/cargo-home" "-e" "RUSTUP_HOME=/opt/rustwide/rustup-home" "-w" "/opt/rustwide/workdir" "-m" "1610612736" "--user" "0:0" "--network" "none" "rustops/crates-build-env@sha256:d92eaeed33fa75130ca1ee6c8a01d1ffb62bac859dfdfb3450e3e5d1c0146529" "/opt/rustwide/cargo-home/bin/cargo" "+af3c6e733a40e671550e0f0f5aeecaa13772ba56" "check" "--frozen" "--all" "--all-targets" "--message-format=json", kill_on_drop: false }`
[INFO] [stderr] WARNING: Your kernel does not support swap limit capabilities or the cgroup is not mounted. Memory limited without swap.
[INFO] [stdout] 74fe5d084f93a12ca61f019f4db19ceedbe88dd3aefabe66bea7521eb31e6e01
[INFO] running `Command { std: "docker" "start" "-a" "74fe5d084f93a12ca61f019f4db19ceedbe88dd3aefabe66bea7521eb31e6e01", kill_on_drop: false }`
[INFO] [stderr]    Compiling path-dedot v3.0.7
[INFO] [stderr]    Compiling path-absolutize v3.0.6
[INFO] [stderr]    Compiling ncnn-sys v0.1.2 (/opt/rustwide/workdir)
[INFO] [stderr] error: failed to run custom build command for `ncnn-sys v0.1.2 (/opt/rustwide/workdir)`
[INFO] [stderr] 
[INFO] [stderr] Caused by:
[INFO] [stderr]   process didn't exit successfully: `/opt/rustwide/target/debug/build/ncnn-sys-e3013f6a73b0fd5d/build-script-build` (exit code: 101)
[INFO] [stderr]   --- stdout
[INFO] [stderr]   vulkan_dir: /opt/rustwide/workdir/vulkan
[INFO] [stderr]   running: "cmake" "/opt/rustwide/workdir/ncnn" "-G" "Unix Makefiles" "-DMSVC_STATIC=ON" "-DNCNN_VULKAN=ON" "-DNCNN_STDIO=OFF" "-DNCNN_STRING=OFF" "-DWITH_LAYER_AbsVal=OFF" "-DWITH_LAYER_ArgMax=OFF" "-DWITH_LAYER_BatchNorm=OFF" "-DWITH_LAYER_Bias=OFF" "-DWITH_LAYER_BNLL=OFF" "-DWITH_LAYER_Concat=OFF" "-DWITH_LAYER_Dropout=OFF" "-DWITH_LAYER_ELU=OFF" "-DWITH_LAYER_Embed=OFF" "-DWITH_LAYER_Exp=OFF" "-DWITH_LAYER_Flatten=OFF" "-DWITH_LAYER_Input=OFF" "-DWITH_LAYER_Log=OFF" "-DWITH_LAYER_LRN=OFF" "-DWITH_LAYER_MemoryData=OFF" "-DWITH_LAYER_MVN=OFF" "-DWITH_LAYER_Power=OFF" "-DWITH_LAYER_PReLU=OFF" "-DWITH_LAYER_Proposal=OFF" "-DWITH_LAYER_Reduction=OFF" "-DWITH_LAYER_Reshape=OFF" "-DWITH_LAYER_ROIPooling=OFF" "-DWITH_LAYER_Sigmoid=OFF" "-DWITH_LAYER_Slice=OFF" "-DWITH_LAYER_Softmax=OFF" "-DWITH_LAYER_SPP=OFF" "-DWITH_LAYER_TanH=OFF" "-DWITH_LAYER_Threshold=OFF" "-DWITH_LAYER_Tile=OFF" "-DWITH_LAYER_RNN=OFF" "-DWITH_LAYER_LSTM=OFF" "-DWITH_LAYER_BinaryOp=OFF" "-DWITH_LAYER_UnaryOp=OFF" "-DWITH_LAYER_ConvolutionDepthWise=OFF" "-DWITH_LAYER_Padding=OFF" "-DWITH_LAYER_Squeeze=OFF" "-DWITH_LAYER_ExpandDims=OFF" "-DWITH_LAYER_Normalize=OFF" "-DWITH_LAYER_Permute=OFF" "-DWITH_LAYER_PriorBox=OFF" "-DWITH_LAYER_DetectionOutput=OFF" "-DWITH_LAYER_Interp=OFF" "-DWITH_LAYER_DeconvolutionDepthWise=OFF" "-DWITH_LAYER_ShuffleChannel=OFF" "-DWITH_LAYER_InstanceNorm=OFF" "-DWITH_LAYER_Clip=OFF" "-DWITH_LAYER_Reorg=OFF" "-DWITH_LAYER_YoloDetectionOutput=OFF" "-DWITH_LAYER_Quantize=OFF" "-DWITH_LAYER_Dequantize=OFF" "-DWITH_LAYER_Yolov3DetectionOutput=OFF" "-DWITH_LAYER_PSROI\'=OFF" "-DWITH_LAYER_ROIAlign=OFF" "-DWITH_LAYER_Packing=OFF" "-DWITH_LAYER_Requantize=OFF" "-DWITH_LAYER_Cast=OFF" "-DWITH_LAYER_HardSigmoid=OFF" "-DWITH_LAYER_SELU=OFF" "-DWITH_LAYER_HardSwish=OFF" "-DCMAKE_INSTALL_PREFIX=/opt/rustwide/target/debug/build/ncnn-sys-41366d2a6ffe1f78/out/ncnn" "-DCMAKE_C_FLAGS= -ffunction-sections -fdata-sections -fPIC -m64" "-DCMAKE_C_COMPILER=/usr/bin/cc" "-DCMAKE_CXX_FLAGS= -ffunction-sections -fdata-sections -fPIC -m64" "-DCMAKE_CXX_COMPILER=/usr/bin/c++" "-DCMAKE_ASM_FLAGS= -ffunction-sections -fdata-sections -fPIC -m64" "-DCMAKE_ASM_COMPILER=/usr/bin/cc" "-DCMAKE_BUILD_TYPE=MinSizeRel"
[INFO] [stderr]   -- CMAKE_INSTALL_PREFIX = /opt/rustwide/target/debug/build/ncnn-sys-41366d2a6ffe1f78/out/ncnn
[INFO] [stderr]   -- The C compiler identification is GNU 9.3.0
[INFO] [stderr]   -- The CXX compiler identification is GNU 9.3.0
[INFO] [stderr]   -- Check for working C compiler: /usr/bin/cc
[INFO] [stderr]   -- Check for working C compiler: /usr/bin/cc -- works
[INFO] [stderr]   -- Detecting C compiler ABI info
[INFO] [stderr]   -- Detecting C compiler ABI info - done
[INFO] [stderr]   -- Detecting C compile features
[INFO] [stderr]   -- Detecting C compile features - done
[INFO] [stderr]   -- Check for working CXX compiler: /usr/bin/c++
[INFO] [stderr]   -- Check for working CXX compiler: /usr/bin/c++ -- works
[INFO] [stderr]   -- Detecting CXX compiler ABI info
[INFO] [stderr]   -- Detecting CXX compiler ABI info - done
[INFO] [stderr]   -- Detecting CXX compile features
[INFO] [stderr]   -- Detecting CXX compile features - done
[INFO] [stderr]   -- Found glslangValidator: GLSLANGVALIDATOR_EXECUTABLE-NOTFOUND
[INFO] [stderr]   -- Found OpenMP_C: -fopenmp (found version "4.5") 
[INFO] [stderr]   -- Found OpenMP_CXX: -fopenmp (found version "4.5") 
[INFO] [stderr]   -- Found OpenMP: TRUE (found version "4.5")  
[INFO] [stderr]   -- Found Vulkan: /usr/lib/x86_64-linux-gnu/libvulkan.so  
[INFO] [stderr]   -- Configuring done
[INFO] [stderr]   -- Generating done
[INFO] [stderr]   -- Build files have been written to: /opt/rustwide/target/debug/build/ncnn-sys-41366d2a6ffe1f78/out/ncnn/build
[INFO] [stderr]   running: "cmake" "--build" "." "--target" "install" "--config" "MinSizeRel" "--"
[INFO] [stderr]   Scanning dependencies of target generate-spirv
[INFO] [stderr]   [  0%] Building SPIR-V module absval.spv
[INFO] [stderr]   [  0%] Building SPIR-V module absval_fp16p.spv
[INFO] [stderr]   [  0%] Building SPIR-V module absval_fp16s.spv
[INFO] [stderr]   [  0%] Building SPIR-V module absval_fp16a.spv
[INFO] [stderr] 
[INFO] [stderr]   --- stderr
[INFO] [stderr]   CMake Warning:
[INFO] [stderr]     Manually-specified variables were not used by the project:
[INFO] [stderr] 
[INFO] [stderr]       CMAKE_ASM_COMPILER
[INFO] [stderr]       CMAKE_ASM_FLAGS
[INFO] [stderr]       WITH_LAYER_AbsVal
[INFO] [stderr]       WITH_LAYER_ArgMax
[INFO] [stderr]       WITH_LAYER_BNLL
[INFO] [stderr]       WITH_LAYER_BatchNorm
[INFO] [stderr]       WITH_LAYER_Bias
[INFO] [stderr]       WITH_LAYER_BinaryOp
[INFO] [stderr]       WITH_LAYER_Cast
[INFO] [stderr]       WITH_LAYER_Clip
[INFO] [stderr]       WITH_LAYER_Concat
[INFO] [stderr]       WITH_LAYER_ConvolutionDepthWise
[INFO] [stderr]       WITH_LAYER_DeconvolutionDepthWise
[INFO] [stderr]       WITH_LAYER_Dequantize
[INFO] [stderr]       WITH_LAYER_DetectionOutput
[INFO] [stderr]       WITH_LAYER_Dropout
[INFO] [stderr]       WITH_LAYER_ELU
[INFO] [stderr]       WITH_LAYER_Embed
[INFO] [stderr]       WITH_LAYER_Exp
[INFO] [stderr]       WITH_LAYER_ExpandDims
[INFO] [stderr]       WITH_LAYER_Flatten
[INFO] [stderr]       WITH_LAYER_HardSigmoid
[INFO] [stderr]       WITH_LAYER_HardSwish
[INFO] [stderr]       WITH_LAYER_Input
[INFO] [stderr]       WITH_LAYER_InstanceNorm
[INFO] [stderr]       WITH_LAYER_Interp
[INFO] [stderr]       WITH_LAYER_LRN
[INFO] [stderr]       WITH_LAYER_LSTM
[INFO] [stderr]       WITH_LAYER_Log
[INFO] [stderr]       WITH_LAYER_MVN
[INFO] [stderr]       WITH_LAYER_MemoryData
[INFO] [stderr]       WITH_LAYER_Normalize
[INFO] [stderr]       WITH_LAYER_PReLU
[INFO] [stderr]       WITH_LAYER_PSROI'
[INFO] [stderr]       WITH_LAYER_Packing
[INFO] [stderr]       WITH_LAYER_Padding
[INFO] [stderr]       WITH_LAYER_Permute
[INFO] [stderr]       WITH_LAYER_Power
[INFO] [stderr]       WITH_LAYER_PriorBox
[INFO] [stderr]       WITH_LAYER_Proposal
[INFO] [stderr]       WITH_LAYER_Quantize
[INFO] [stderr]       WITH_LAYER_RNN
[INFO] [stderr]       WITH_LAYER_ROIAlign
[INFO] [stderr]       WITH_LAYER_ROIPooling
[INFO] [stderr]       WITH_LAYER_Reduction
[INFO] [stderr]       WITH_LAYER_Reorg
[INFO] [stderr]       WITH_LAYER_Requantize
[INFO] [stderr]       WITH_LAYER_Reshape
[INFO] [stderr]       WITH_LAYER_SELU
[INFO] [stderr]       WITH_LAYER_SPP
[INFO] [stderr]       WITH_LAYER_ShuffleChannel
[INFO] [stderr]       WITH_LAYER_Sigmoid
[INFO] [stderr]       WITH_LAYER_Slice
[INFO] [stderr]       WITH_LAYER_Softmax
[INFO] [stderr]       WITH_LAYER_Squeeze
[INFO] [stderr]       WITH_LAYER_TanH
[INFO] [stderr]       WITH_LAYER_Threshold
[INFO] [stderr]       WITH_LAYER_Tile
[INFO] [stderr]       WITH_LAYER_UnaryOp
[INFO] [stderr]       WITH_LAYER_YoloDetectionOutput
[INFO] [stderr]       WITH_LAYER_Yolov3DetectionOutput
[INFO] [stderr] 
[INFO] [stderr] 
[INFO] [stderr]   /bin/sh: 1: GLSLANGVALIDATOR_EXECUTABLE-NOTFOUND: not found
[INFO] [stderr]   make[2]: *** [src/CMakeFiles/generate-spirv.dir/build.make:576: src/absval.spv.hex.h] Error 127
[INFO] [stderr]   make[2]: *** Waiting for unfinished jobs....
[INFO] [stderr]   /bin/sh: 1: GLSLANGVALIDATOR_EXECUTABLE-NOTFOUND: not found
[INFO] [stderr]   make[2]: *** [src/CMakeFiles/generate-spirv.dir/build.make:580: src/absval_fp16p.spv.hex.h] Error 127
[INFO] [stderr]   /bin/sh: 1: GLSLANGVALIDATOR_EXECUTABLE-NOTFOUND: not found
[INFO] [stderr]   make[2]: *** [src/CMakeFiles/generate-spirv.dir/build.make:584: src/absval_fp16s.spv.hex.h] Error 127
[INFO] [stderr]   /bin/sh: 1: GLSLANGVALIDATOR_EXECUTABLE-NOTFOUND: not found
[INFO] [stderr]   make[2]: *** [src/CMakeFiles/generate-spirv.dir/build.make:588: src/absval_fp16a.spv.hex.h] Error 127
[INFO] [stderr]   make[1]: *** [CMakeFiles/Makefile2:122: src/CMakeFiles/generate-spirv.dir/all] Error 2
[INFO] [stderr]   make: *** [Makefile:130: all] Error 2
[INFO] [stderr]   thread 'main' panicked at '
[INFO] [stderr]   command did not execute successfully, got: exit code: 2
[INFO] [stderr] 
[INFO] [stderr]   build script failed, must exit now', /opt/rustwide/cargo-home/registry/src/github.com-1ecc6299db9ec823/cmake-0.1.44/src/lib.rs:885:5
[INFO] [stderr]   stack backtrace:
[INFO] [stderr]      0:     0x564909c3ba20 - std::backtrace_rs::backtrace::libunwind::trace::h452faf99f32e7c93
[INFO] [stderr]                                  at /rustc/af3c6e733a40e671550e0f0f5aeecaa13772ba56/library/std/src/../../backtrace/src/backtrace/libunwind.rs:96
[INFO] [stderr]      1:     0x564909c3ba20 - std::backtrace_rs::backtrace::trace_unsynchronized::he40edc71437667a1
[INFO] [stderr]                                  at /rustc/af3c6e733a40e671550e0f0f5aeecaa13772ba56/library/std/src/../../backtrace/src/backtrace/mod.rs:66
[INFO] [stderr]      2:     0x564909c3ba20 - std::sys_common::backtrace::_print_fmt::h6c51d6ade71f46bf
[INFO] [stderr]                                  at /rustc/af3c6e733a40e671550e0f0f5aeecaa13772ba56/library/std/src/sys_common/backtrace.rs:79
[INFO] [stderr]      3:     0x564909c3ba20 - <std::sys_common::backtrace::_print::DisplayBacktrace as core::fmt::Display>::fmt::h3cd15d7003dec37a
[INFO] [stderr]                                  at /rustc/af3c6e733a40e671550e0f0f5aeecaa13772ba56/library/std/src/sys_common/backtrace.rs:58
[INFO] [stderr]      4:     0x564909c5af1c - core::fmt::write::h1857a60b204f1b6a
[INFO] [stderr]                                  at /rustc/af3c6e733a40e671550e0f0f5aeecaa13772ba56/library/core/src/fmt/mod.rs:1080
[INFO] [stderr]      5:     0x564909c381f7 - std::io::Write::write_fmt::hac61caff894c35ae
[INFO] [stderr]                                  at /rustc/af3c6e733a40e671550e0f0f5aeecaa13772ba56/library/std/src/io/mod.rs:1517
[INFO] [stderr]      6:     0x564909c3e1d0 - std::sys_common::backtrace::_print::haa2f390fb7957e3e
[INFO] [stderr]                                  at /rustc/af3c6e733a40e671550e0f0f5aeecaa13772ba56/library/std/src/sys_common/backtrace.rs:61
[INFO] [stderr]      7:     0x564909c3e1d0 - std::sys_common::backtrace::print::h48c7cbbad9013bb1
[INFO] [stderr]                                  at /rustc/af3c6e733a40e671550e0f0f5aeecaa13772ba56/library/std/src/sys_common/backtrace.rs:48
[INFO] [stderr]      8:     0x564909c3e1d0 - std::panicking::default_hook::{{closure}}::h8b7ff05a31e71d55
[INFO] [stderr]                                  at /rustc/af3c6e733a40e671550e0f0f5aeecaa13772ba56/library/std/src/panicking.rs:208
[INFO] [stderr]      9:     0x564909c3df1c - std::panicking::default_hook::h2f00c78800d98e4c
[INFO] [stderr]                                  at /rustc/af3c6e733a40e671550e0f0f5aeecaa13772ba56/library/std/src/panicking.rs:227
[INFO] [stderr]     10:     0x564909c3e833 - std::panicking::rust_panic_with_hook::h4eaa635e4694aef3
[INFO] [stderr]                                  at /rustc/af3c6e733a40e671550e0f0f5aeecaa13772ba56/library/std/src/panicking.rs:577
[INFO] [stderr]     11:     0x564909c3e409 - std::panicking::begin_panic_handler::{{closure}}::hec242f1b136b5ff2
[INFO] [stderr]                                  at /rustc/af3c6e733a40e671550e0f0f5aeecaa13772ba56/library/std/src/panicking.rs:484
[INFO] [stderr]     12:     0x564909c3be8c - std::sys_common::backtrace::__rust_end_short_backtrace::h1f3cc383ee6c0374
[INFO] [stderr]                                  at /rustc/af3c6e733a40e671550e0f0f5aeecaa13772ba56/library/std/src/sys_common/backtrace.rs:153
[INFO] [stderr]     13:     0x564909c3e3c9 - rust_begin_unwind
[INFO] [stderr]                                  at /rustc/af3c6e733a40e671550e0f0f5aeecaa13772ba56/library/std/src/panicking.rs:483
[INFO] [stderr]     14:     0x564909c3e37b - std::panicking::begin_panic_fmt::hebfdcd945bbd27b1
[INFO] [stderr]                                  at /rustc/af3c6e733a40e671550e0f0f5aeecaa13772ba56/library/std/src/panicking.rs:437
[INFO] [stderr]     15:     0x564909bc8ba7 - cmake::fail::h5ac34a445f962f17
[INFO] [stderr]                                  at /opt/rustwide/cargo-home/registry/src/github.com-1ecc6299db9ec823/cmake-0.1.44/src/lib.rs:885
[INFO] [stderr]     16:     0x564909bc84ec - cmake::run::hdae76e59475531dd
[INFO] [stderr]                                  at /opt/rustwide/cargo-home/registry/src/github.com-1ecc6299db9ec823/cmake-0.1.44/src/lib.rs:863
[INFO] [stderr]     17:     0x564909bc4c5b - cmake::Config::build::h1f94ac9664857d70
[INFO] [stderr]                                  at /opt/rustwide/cargo-home/registry/src/github.com-1ecc6299db9ec823/cmake-0.1.44/src/lib.rs:769
[INFO] [stderr]     18:     0x564909bb31c1 - build_script_build::main::h3351605f7b9c2426
[INFO] [stderr]                                  at /opt/rustwide/workdir/build.rs:25
[INFO] [stderr]     19:     0x564909bb3e0b - core::ops::function::FnOnce::call_once::h61bbc903a2942405
[INFO] [stderr]                                  at /rustc/af3c6e733a40e671550e0f0f5aeecaa13772ba56/library/core/src/ops/function.rs:227
[INFO] [stderr]     20:     0x564909bb3c1e - std::sys_common::backtrace::__rust_begin_short_backtrace::h548ef1ee8d9111c9
[INFO] [stderr]                                  at /rustc/af3c6e733a40e671550e0f0f5aeecaa13772ba56/library/std/src/sys_common/backtrace.rs:137
[INFO] [stderr]     21:     0x564909bb3db1 - std::rt::lang_start::{{closure}}::h960424f5b22cc0f3
[INFO] [stderr]                                  at /rustc/af3c6e733a40e671550e0f0f5aeecaa13772ba56/library/std/src/rt.rs:66
[INFO] [stderr]     22:     0x564909c3ec31 - core::ops::function::impls::<impl core::ops::function::FnOnce<A> for &F>::call_once::hecc21eb9018cc197
[INFO] [stderr]                                  at /rustc/af3c6e733a40e671550e0f0f5aeecaa13772ba56/library/core/src/ops/function.rs:259
[INFO] [stderr]     23:     0x564909c3ec31 - std::panicking::try::do_call::h174ad655d084b5c7
[INFO] [stderr]                                  at /rustc/af3c6e733a40e671550e0f0f5aeecaa13772ba56/library/std/src/panicking.rs:381
[INFO] [stderr]     24:     0x564909c3ec31 - std::panicking::try::h479e6054ce28de10
[INFO] [stderr]                                  at /rustc/af3c6e733a40e671550e0f0f5aeecaa13772ba56/library/std/src/panicking.rs:345
[INFO] [stderr]     25:     0x564909c3ec31 - std::panic::catch_unwind::hb558ddea2b3e9c45
[INFO] [stderr]                                  at /rustc/af3c6e733a40e671550e0f0f5aeecaa13772ba56/library/std/src/panic.rs:382
[INFO] [stderr]     26:     0x564909c3ec31 - std::rt::lang_start_internal::h163149047f0a8b61
[INFO] [stderr]                                  at /rustc/af3c6e733a40e671550e0f0f5aeecaa13772ba56/library/std/src/rt.rs:51
[INFO] [stderr]     27:     0x564909bb3d87 - std::rt::lang_start::h36f9d43359da7c03
[INFO] [stderr]                                  at /rustc/af3c6e733a40e671550e0f0f5aeecaa13772ba56/library/std/src/rt.rs:65
[INFO] [stderr]     28:     0x564909bb3c0a - main
[INFO] [stderr]     29:     0x7f247d81b0b3 - __libc_start_main
[INFO] [stderr]     30:     0x564909bb20ce - _start
[INFO] [stderr]     31:                0x0 - <unknown>
[INFO] running `Command { std: "docker" "inspect" "74fe5d084f93a12ca61f019f4db19ceedbe88dd3aefabe66bea7521eb31e6e01", kill_on_drop: false }`
[INFO] running `Command { std: "docker" "rm" "-f" "74fe5d084f93a12ca61f019f4db19ceedbe88dd3aefabe66bea7521eb31e6e01", kill_on_drop: false }`
[INFO] [stdout] 74fe5d084f93a12ca61f019f4db19ceedbe88dd3aefabe66bea7521eb31e6e01
